{"id":1333,"date":"2026-01-12T15:11:43","date_gmt":"2026-01-12T18:11:43","guid":{"rendered":"https:\/\/elevatrix.com.br\/julianapeker\/?page_id=1333"},"modified":"2026-01-12T15:31:17","modified_gmt":"2026-01-12T18:31:17","slug":"politica-de-privacidade","status":"publish","type":"page","link":"https:\/\/elevatrix.com.br\/julianapeker\/politica-de-privacidade\/","title":{"rendered":"Pol\u00edtica de privacidade"},"content":{"rendered":"\t\t<div data-elementor-type=\"wp-page\" data-elementor-id=\"1333\" class=\"elementor elementor-1333\">\n\t\t\t\t<div class=\"elementor-element elementor-element-9842794 e-flex e-con-boxed wpr-particle-no wpr-jarallax-no wpr-parallax-no wpr-sticky-section-no e-con e-parent\" data-id=\"9842794\" data-element_type=\"container\">\n\t\t\t\t\t<div class=\"e-con-inner\">\n\t\t\t\t<div class=\"elementor-element elementor-element-809d6b9 elementor-widget elementor-widget-html\" data-id=\"809d6b9\" data-element_type=\"widget\" data-widget_type=\"html.default\">\n\t\t\t\t\t<a href=\"javascript:window.history.go(-1)\" style=\"color:#666; text-decoration:none;\">\r\n  \u2190 Voltar\r\n<\/a>\r\n\t\t\t\t<\/div>\n\t\t\t\t<div class=\"elementor-element elementor-element-79e83e4 elementor-widget elementor-widget-heading\" data-id=\"79e83e4\" data-element_type=\"widget\" data-widget_type=\"heading.default\">\n\t\t\t\t\t<h1 class=\"elementor-heading-title elementor-size-default\">Pol\u00edtica de privacidade | Dra. Juliana Peker\n<\/h1>\t\t\t\t<\/div>\n\t\t\t\t<div class=\"elementor-element elementor-element-25c02be elementor-widget elementor-widget-text-editor\" data-id=\"25c02be\" data-element_type=\"widget\" data-widget_type=\"text-editor.default\">\n\t\t\t\t\t\t\t\t\t<p>Esta Pol\u00edtica de Privacidade descreve como os dados s\u00e3o tratados no site da Dra. Juliana Peker (Nutricionista Comportamental). Nosso objetivo \u00e9 garantir a transpar\u00eancia e a prote\u00e7\u00e3o das informa\u00e7\u00f5es de nossos visitantes, em conformidade com a Lei Geral de Prote\u00e7\u00e3o de Dados (LGPD).<\/p><p><strong>1. Coleta de dados no site<\/strong><\/p><p>Este site \u00e9 estritamente institucional. N\u00e3o coletamos dados pessoais** (como nome, e-mail ou telefone) atrav\u00e9s de formul\u00e1rios internos ou bancos de dados pr\u00f3prios durante a sua navega\u00e7\u00e3o.<\/p><p><strong>2. Redirecionamento para WhatsApp e redes sociais<\/strong><\/p><p>O site cont\u00e9m bot\u00f5es que direcionam o usu\u00e1rio para o WhatsApp e Instagram.<\/p><p>Ao clicar nesses links, voc\u00ea sair\u00e1 do nosso ambiente web e ser\u00e1 regido pelas pol\u00edticas de privacidade das respectivas plataformas (Meta\/WhatsApp).<br \/>As informa\u00e7\u00f5es compartilhadas por voc\u00ea durante o contato via WhatsApp (como hist\u00f3rico de sa\u00fade ou d\u00favidas) s\u00e3o protegidas pelo Sigilo Profissional da Nutricionista e ser\u00e3o utilizadas exclusivamente para finalidade de agendamento e atendimento cl\u00ednico.<\/p><p><strong>4. Prote\u00e7\u00e3o de dados de sa\u00fade<\/strong><\/p><p>A Dra. Juliana Peker preza pelo acolhimento e seguran\u00e7a. Caso voc\u00ea se torne paciente, todos os seus dados de sa\u00fade coletados em consulta (anamnese, exames e evolu\u00e7\u00e3o) ser\u00e3o armazenados em sistemas de prontu\u00e1rio eletr\u00f4nico seguros, com acesso restrito e para fins estritos de cuidado terap\u00eautico, conforme as normas do Conselho Federal de Nutricionistas (CFN).<\/p><p><strong>5. Direitos do usu\u00e1rio<\/strong><\/p><p>Voc\u00ea tem o direito de solicitar informa\u00e7\u00f5es sobre como seus dados s\u00e3o tratados ou pedir a exclus\u00e3o de contatos de nossa base a qualquer momento, enviando uma mensagem pelos nossos canais oficiais.<\/p><p><strong>6. Contato<\/strong><\/p><p>Para d\u00favidas sobre esta pol\u00edtica, entre em contato:<\/p><p><strong>WhatsApp:<\/strong>(51) 9907-7507<br \/>E-mail:<\/p>\t\t\t\t\t\t\t\t<\/div>\n\t\t\t\t\t<\/div>\n\t\t\t\t<\/div>\n\t\t\t\t<\/div>\n\t\t","protected":false},"excerpt":{"rendered":"<p>\u2190 Voltar Pol\u00edtica de privacidade | Dra. Juliana Peker Esta Pol\u00edtica de Privacidade descreve como os dados s\u00e3o tratados no site da Dra. Juliana Peker (Nutricionista Comportamental). Nosso objetivo \u00e9 garantir a transpar\u00eancia e a prote\u00e7\u00e3o das informa\u00e7\u00f5es de nossos visitantes, em conformidade com a Lei Geral de Prote\u00e7\u00e3o de Dados (LGPD). 1. Coleta de dados no site Este site \u00e9 estritamente institucional. N\u00e3o coletamos dados pessoais** (como nome, e-mail ou telefone) atrav\u00e9s de formul\u00e1rios internos ou bancos de dados pr\u00f3prios durante a sua navega\u00e7\u00e3o. 2. Redirecionamento para WhatsApp e redes sociais O site cont\u00e9m bot\u00f5es que direcionam o usu\u00e1rio para o WhatsApp e Instagram. Ao clicar nesses links, voc\u00ea sair\u00e1 do nosso ambiente web e ser\u00e1 regido pelas pol\u00edticas de privacidade das respectivas plataformas (Meta\/WhatsApp).As informa\u00e7\u00f5es compartilhadas por voc\u00ea durante o contato via WhatsApp (como hist\u00f3rico de sa\u00fade ou d\u00favidas) s\u00e3o protegidas pelo Sigilo Profissional da Nutricionista e ser\u00e3o utilizadas exclusivamente para finalidade de agendamento e atendimento cl\u00ednico. 4. Prote\u00e7\u00e3o de dados de sa\u00fade A Dra. Juliana Peker preza pelo acolhimento e seguran\u00e7a. Caso voc\u00ea se torne paciente, todos os seus dados de sa\u00fade coletados em consulta (anamnese, exames e evolu\u00e7\u00e3o) ser\u00e3o armazenados em sistemas de prontu\u00e1rio eletr\u00f4nico seguros, com acesso restrito e para fins estritos de cuidado terap\u00eautico, conforme as normas do Conselho Federal de Nutricionistas (CFN). 5. Direitos do usu\u00e1rio Voc\u00ea tem o direito de solicitar informa\u00e7\u00f5es sobre como seus dados s\u00e3o tratados ou pedir a exclus\u00e3o de contatos de nossa base a qualquer momento, enviando uma mensagem pelos nossos canais oficiais. 6. Contato Para d\u00favidas sobre esta pol\u00edtica, entre em contato: WhatsApp:(51) 9907-7507E-mail:<\/p>\n","protected":false},"author":1,"featured_media":0,"parent":0,"menu_order":0,"comment_status":"closed","ping_status":"closed","template":"elementor_header_footer","meta":{"footnotes":""},"class_list":["post-1333","page","type-page","status-publish","hentry"],"_hostinger_reach_plugin_has_subscription_block":false,"_hostinger_reach_plugin_is_elementor":false,"_links":{"self":[{"href":"https:\/\/elevatrix.com.br\/julianapeker\/wp-json\/wp\/v2\/pages\/1333","targetHints":{"allow":["GET"]}}],"collection":[{"href":"https:\/\/elevatrix.com.br\/julianapeker\/wp-json\/wp\/v2\/pages"}],"about":[{"href":"https:\/\/elevatrix.com.br\/julianapeker\/wp-json\/wp\/v2\/types\/page"}],"author":[{"embeddable":true,"href":"https:\/\/elevatrix.com.br\/julianapeker\/wp-json\/wp\/v2\/users\/1"}],"replies":[{"embeddable":true,"href":"https:\/\/elevatrix.com.br\/julianapeker\/wp-json\/wp\/v2\/comments?post=1333"}],"version-history":[{"count":16,"href":"https:\/\/elevatrix.com.br\/julianapeker\/wp-json\/wp\/v2\/pages\/1333\/revisions"}],"predecessor-version":[{"id":1351,"href":"https:\/\/elevatrix.com.br\/julianapeker\/wp-json\/wp\/v2\/pages\/1333\/revisions\/1351"}],"wp:attachment":[{"href":"https:\/\/elevatrix.com.br\/julianapeker\/wp-json\/wp\/v2\/media?parent=1333"}],"curies":[{"name":"wp","href":"https:\/\/api.w.org\/{rel}","templated":true}]}}