{"id":36,"date":"2025-12-18T18:32:10","date_gmt":"2025-12-18T21:32:10","guid":{"rendered":"https:\/\/elevatrix.com.br\/julianapeker\/?page_id=36"},"modified":"2026-01-12T17:33:51","modified_gmt":"2026-01-12T20:33:51","slug":"sobre-juliana","status":"publish","type":"page","link":"https:\/\/elevatrix.com.br\/julianapeker\/sobre-juliana\/","title":{"rendered":"Sobre Juliana"},"content":{"rendered":"\t\t<div data-elementor-type=\"wp-page\" data-elementor-id=\"36\" class=\"elementor elementor-36\">\n\t\t\t\t<div class=\"elementor-element elementor-element-714f04f e-flex e-con-boxed wpr-particle-no wpr-jarallax-no wpr-parallax-no wpr-sticky-section-no e-con e-parent\" data-id=\"714f04f\" data-element_type=\"container\" data-settings=\"{&quot;background_background&quot;:&quot;gradient&quot;}\">\n\t\t\t\t\t<div class=\"e-con-inner\">\n\t\t<div class=\"elementor-element elementor-element-e75b604 e-con-full e-flex wpr-particle-no wpr-jarallax-no wpr-parallax-no wpr-sticky-section-no e-con e-child\" data-id=\"e75b604\" data-element_type=\"container\">\n\t\t\t\t<div class=\"elementor-element elementor-element-cbc45eb elementor-invisible elementor-widget elementor-widget-heading\" data-id=\"cbc45eb\" data-element_type=\"widget\" data-settings=\"{&quot;_animation&quot;:&quot;fadeIn&quot;}\" data-widget_type=\"heading.default\">\n\t\t\t\t\t<h1 class=\"elementor-heading-title elementor-size-default\">Sobre a Juliana Peker<\/h1>\t\t\t\t<\/div>\n\t\t\t\t<div class=\"elementor-element elementor-element-ffde1fa elementor-icon-list--layout-traditional elementor-list-item-link-full_width elementor-invisible elementor-widget elementor-widget-icon-list\" data-id=\"ffde1fa\" data-element_type=\"widget\" data-settings=\"{&quot;_animation&quot;:&quot;fadeIn&quot;}\" data-widget_type=\"icon-list.default\">\n\t\t\t\t\t\t\t<ul class=\"elementor-icon-list-items\">\n\t\t\t\t\t\t\t<li class=\"elementor-icon-list-item\">\n\t\t\t\t\t\t\t\t\t\t\t<span class=\"elementor-icon-list-icon\">\n\t\t\t\t\t\t\t<svg aria-hidden=\"true\" class=\"e-font-icon-svg e-fas-circle\" viewBox=\"0 0 512 512\" xmlns=\"http:\/\/www.w3.org\/2000\/svg\"><path d=\"M256 8C119 8 8 119 8 256s111 248 248 248 248-111 248-248S393 8 256 8z\"><\/path><\/svg>\t\t\t\t\t\t<\/span>\n\t\t\t\t\t\t\t\t\t\t<span class=\"elementor-icon-list-text\">Nutricionista comportamental<\/span>\n\t\t\t\t\t\t\t\t\t<\/li>\n\t\t\t\t\t\t<\/ul>\n\t\t\t\t\t\t<\/div>\n\t\t\t\t<div class=\"elementor-element elementor-element-aaba953 elementor-widget-tablet__width-initial elementor-widget-divider--view-line elementor-invisible elementor-widget elementor-widget-divider\" data-id=\"aaba953\" data-element_type=\"widget\" data-settings=\"{&quot;_animation&quot;:&quot;fadeIn&quot;}\" data-widget_type=\"divider.default\">\n\t\t\t\t\t\t\t<div class=\"elementor-divider\">\n\t\t\t<span class=\"elementor-divider-separator\">\n\t\t\t\t\t\t<\/span>\n\t\t<\/div>\n\t\t\t\t\t\t<\/div>\n\t\t\t\t<div class=\"elementor-element elementor-element-fde70b5 elementor-invisible elementor-widget elementor-widget-text-editor\" data-id=\"fde70b5\" data-element_type=\"widget\" data-settings=\"{&quot;_animation&quot;:&quot;fadeIn&quot;}\" data-widget_type=\"text-editor.default\">\n\t\t\t\t\t\t\t\t\t<p><em>Especialista em emagrecimento e transtornos alimentares. Fui ex-obesa e emagreci mais de 40 quilos sem medica\u00e7\u00e3o e sem cirurgia bari\u00e1trica. Prop\u00f3sito: Mostrar que \u00e9 poss\u00edvel emagrecer sem efeito sanfona, com consci\u00eancia, acolhimento e liberdade alimentar, sem dietas restritivas, culpa ou perder o prazer de comer.<\/em><\/p><p><em><strong>P\u00f3s-gradua\u00e7\u00e3o:<\/strong> Emagrecimento e Nutri\u00e7\u00e3o Comportamental.<\/em><\/p>\t\t\t\t\t\t\t\t<\/div>\n\t\t\t\t<\/div>\n\t\t<div class=\"elementor-element elementor-element-00404ea e-con-full e-flex wpr-particle-no wpr-jarallax-no wpr-parallax-no wpr-sticky-section-no e-con e-child\" data-id=\"00404ea\" data-element_type=\"container\">\n\t\t\t\t<div class=\"elementor-element elementor-element-17caa9d elementor-invisible elementor-widget elementor-widget-image\" data-id=\"17caa9d\" data-element_type=\"widget\" data-settings=\"{&quot;_animation&quot;:&quot;fadeIn&quot;}\" data-widget_type=\"image.default\">\n\t\t\t\t\t\t\t\t\t\t\t\t\t\t\t<img fetchpriority=\"high\" decoding=\"async\" width=\"720\" height=\"857\" src=\"https:\/\/elevatrix.com.br\/julianapeker\/wp-content\/uploads\/2025\/12\/WhatsApp-Image-2025-12-20-at-14.33.22.jpeg\" class=\"attachment-full size-full wp-image-664\" alt=\"\" srcset=\"https:\/\/elevatrix.com.br\/julianapeker\/wp-content\/uploads\/2025\/12\/WhatsApp-Image-2025-12-20-at-14.33.22.jpeg 720w, https:\/\/elevatrix.com.br\/julianapeker\/wp-content\/uploads\/2025\/12\/WhatsApp-Image-2025-12-20-at-14.33.22-252x300.jpeg 252w\" sizes=\"(max-width: 720px) 100vw, 720px\" \/>\t\t\t\t\t\t\t\t\t\t\t\t\t\t\t<\/div>\n\t\t\t\t<\/div>\n\t\t\t\t\t<\/div>\n\t\t\t\t<\/div>\n\t\t\t\t<\/div>\n\t\t","protected":false},"excerpt":{"rendered":"<p>Sobre a Juliana Peker Nutricionista comportamental Especialista em emagrecimento e transtornos alimentares. Fui ex-obesa e emagreci mais de 40 quilos sem medica\u00e7\u00e3o e sem cirurgia bari\u00e1trica. Prop\u00f3sito: Mostrar que \u00e9 poss\u00edvel emagrecer sem efeito sanfona, com consci\u00eancia, acolhimento e liberdade alimentar, sem dietas restritivas, culpa ou perder o prazer de comer. P\u00f3s-gradua\u00e7\u00e3o: Emagrecimento e Nutri\u00e7\u00e3o Comportamental.<\/p>\n","protected":false},"author":1,"featured_media":0,"parent":0,"menu_order":0,"comment_status":"closed","ping_status":"closed","template":"elementor_header_footer","meta":{"footnotes":""},"class_list":["post-36","page","type-page","status-publish","hentry"],"_hostinger_reach_plugin_has_subscription_block":false,"_hostinger_reach_plugin_is_elementor":false,"_links":{"self":[{"href":"https:\/\/elevatrix.com.br\/julianapeker\/wp-json\/wp\/v2\/pages\/36","targetHints":{"allow":["GET"]}}],"collection":[{"href":"https:\/\/elevatrix.com.br\/julianapeker\/wp-json\/wp\/v2\/pages"}],"about":[{"href":"https:\/\/elevatrix.com.br\/julianapeker\/wp-json\/wp\/v2\/types\/page"}],"author":[{"embeddable":true,"href":"https:\/\/elevatrix.com.br\/julianapeker\/wp-json\/wp\/v2\/users\/1"}],"replies":[{"embeddable":true,"href":"https:\/\/elevatrix.com.br\/julianapeker\/wp-json\/wp\/v2\/comments?post=36"}],"version-history":[{"count":13,"href":"https:\/\/elevatrix.com.br\/julianapeker\/wp-json\/wp\/v2\/pages\/36\/revisions"}],"predecessor-version":[{"id":1399,"href":"https:\/\/elevatrix.com.br\/julianapeker\/wp-json\/wp\/v2\/pages\/36\/revisions\/1399"}],"wp:attachment":[{"href":"https:\/\/elevatrix.com.br\/julianapeker\/wp-json\/wp\/v2\/media?parent=36"}],"curies":[{"name":"wp","href":"https:\/\/api.w.org\/{rel}","templated":true}]}}